s the greatest common factor of 9809 and 39542?
17
What is the highest common divisor of 190413735 and 1635?
1635
Calculate the highest common divisor of 60 and 518254200.
60
Calculate the greatest common factor of 2169352095 and 15.
15
What is the greatest common factor of 206108 and 274652?
476
Calculate the greatest common divisor of 255 and 10617639.
51
Calculate the highest common factor of 186 and 79887279.
93
Calculate the highest common factor of 62593020 and 2835.
945
Calculate the highest common divisor of 2016562 and 46280.
178
Calculate the highest common factor of 3169503 and 27.
27
What is the greatest common factor of 757665747 and 23?
23
What is the highest common factor of 63484463 and 679?
679
What is the greatest common factor of 9047 and 548673409?
9047
What is the highest common divisor of 1071 and 193059?
9
What is the greatest common factor of 184308 and 1888?
4
What is the highest common divisor of 405520 and 1880?
40
What is the highest common divisor of 406 and 5303578?
406
Calculate the greatest common divisor of 804 and 400327412.
268
Calculate the greatest common divisor of 4149 and 5664768.
1383
Calculate the greatest common factor of 22685 and 23868.
13
What is the greatest common divisor of 37674747 and 1107?
27
What is the greatest common factor of 22910 and 158000?
790
What is the highest common divisor of 60096474 and 36?
18
What is the highest common divisor of 7529742 and 765?
153
What is the highest common divisor of 3650 and 69175?
25
Calculate the greatest common divisor of 10368155 and 105.
35
Calculate the greatest common divisor of 246347035 and 55.
55
Calculate the greatest common divisor of 109729151 and 994.
497
Calculate the greatest common factor of 4341924 and 524128.
5956
What is the greatest common divisor of 56 and 59511697?
7
Calculate the greatest common factor of 17802 and 24725.
989
What is the greatest common factor of 1239700 and 23702?
14
What is the greatest common factor of 6048 and 4065012?
756
What is the highest common divisor of 756523974 and 6564?
3282
What is the highest common factor of 5180 and 553372?
148
Calculate the greatest common divisor of 1106455571 and 3679.
3679
Calculate the highest common factor of 775345928 and 5712.
952
Calculate the highest common factor of 319201707 and 2244.
561
What is the highest common factor of 32472 and 2514776?
3608
Calculate the greatest common factor of 686 and 910840.
14
Calculate the greatest common divisor of 24987402 and 198.
198
Calculate the highest common divisor of 34 and 434728046.
34
Calculate the greatest common divisor of 582 and 28420321.
97
Calculate the greatest common divisor of 120645 and 67116.
21
Calculate the greatest common factor of 37813000 and 5000.
1000
What is the greatest common factor of 174663 and 1917?
27
What is the highest common divisor of 1153751 and 12?
1
Calculate the greatest common factor of 6897 and 514064.
19
Calculate the highest common divisor of 182812 and 49672.
28
What is the highest common factor of 61 and 6148556?
61
Calculate the highest common divisor of 64992032 and 1832.
1832
Calculate the greatest common divisor of 103 and 122794849.
103
Calculate the greatest common divisor of 48 and 113513700.
12
Calculate the highest common divisor of 41679 and 2558226.
33
Calculate the highest common factor of 18921 and 146251.
119
What is the greatest common divisor of 2379655 and 594035?
3515
What is the highest common divisor of 3956313 and 22971?
1767
Calculate the greatest common factor of 161 and 19601773.
23
What is the highest common factor of 60910216 and 1016?
1016
What is the greatest common factor of 5824 and 21919456?
416
What is the greatest common factor of 18 and 11585764?
2
Calculate the highest common divisor of 844364 and 7569.
841
Calculate the greatest common factor of 1539656 and 3672.
136
What is the greatest common factor of 365 and 52360929?
73
What is the highest common factor of 102249465 and 135?
15
Calculate the highest common factor of 2536688 and 275616.
5104
What is the highest common divisor of 102794716 and 68?
68
What is the highest common divisor of 5470527 and 92?
23
What is the greatest common divisor of 323910 and 51606?
1098
What is the highest common factor of 1155 and 2778237?
231
Calculate the highest common factor of 91 and 57068893.
7
Calculate the greatest common factor of 3 and 19024503.
3
Calculate the greatest common factor of 126 and 1013787.
9
What is the highest common divisor of 5304 and 5422609?
17
What is the highest common factor of 216 and 387121608?
72
Calculate the highest common divisor of 9 and 76513572.
9
Calculate the greatest common factor of 4304 and 27267992.
2152
Calculate the greatest common factor of 225009 and 10350.
207
Calculate the greatest common factor of 138 and 31039558.
46
Calculate the highest common factor of 351696 and 14352.
48
What is the highest common factor of 52688 and 21753736?
712
Calculate the greatest common divisor of 1162 and 282148706.
1162
What is the highest common factor of 84 and 3156908?
4
What is the greatest common factor of 215730 and 8907111?
1269
Calculate the highest common divisor of 11058578 and 632.
158
What is the highest common divisor of 31308 and 2420?
4
Calculate the highest common divisor of 694431 and 278637.
393
What is the greatest common factor of 12 and 116715144?
12
What is the greatest common factor of 13 and 340867?
1
What is the highest common divisor of 169859660 and 12?
4
What is the highest common factor of 30322609 and 71?
71
What is the greatest common divisor of 112 and 279862744?
56
What is the highest common divisor of 40419 and 890919?
81
What is the highest common divisor of 23415 and 3736425?
105
Calculate the greatest common divisor of 27 and 99161928.
27
Calculate the greatest common divisor of 7820 and 8362317.
391
Calculate the greatest common divisor of 755 and 65408217.
151
Calculate the highest common factor of 567517896 and 704.
88
Calculate the greatest common divisor of 4208 and 2431172.
1052
Calculate the highest common divisor of 486 and 3275073.
81
Calculate the greatest common divisor of 1116 and 16969896.
1116
Calculate the greatest common factor of 1149 and 1980493.
383
Calculate the greatest common divisor of 355754388 and 165.
33
What is the greatest common factor of 973651 and 734?
367
Calculate the greatest common divisor of 25671 and 33927.
129
Calculate the highest common divisor of 221 and 5243719.
13
What is the greatest common divisor of 8465768 and 376?
8
What is the greatest common factor of 19680 and 82500?
60
Calculate the greatest common factor of 2171273 and 39.
13
Calculate the highest common divisor of 226486 and 33852.
806
Calculate the highest common factor of 850 and 157681350.
50
Calculate the highest common divisor of 196119275 and 25.
25
Calculate the highest common divisor of 4473268 and 12.
4
What is the greatest common factor of 238 and 141637650?
14
Calculate the highest common factor of 2267079 and 8107.
67
What is the greatest common divisor of 1905 and 8385405?
15
Calculate the highest common divisor of 15990 and 48216.
246
What is the greatest common factor of 1199 and 8022400?
109
What is the greatest common factor of 43696 and 568?
8
Calculate the greatest common divisor of 6267 and 110209373.
2089
Calculate the greatest common divisor of 15493170 and 2915.
55
What is the greatest common divisor of 6313867 and 83951?
1253
Calculate the greatest common factor of 36756865 and 10.
5
Calculate the highest common factor of 84 and 58017988.
28
What is the greatest common divisor of 471540 and 30885?
435
What is the greatest common factor of 55420 and 6120?
340
What is the highest common divisor of 10681140 and 30660?
60
Calculate the greatest common divisor of 191928785 and 202.
101
Calculate the greatest common factor of 15422 and 19624.
22
Calculate the highest common factor of 768851374 and 3578.
3578
Calculate the highest common divisor of 39269410 and 10.
10
Calculate the highest common divisor of 4051 and 1011238977.
4051
What is the highest common factor of 1674414 and 54800?
274
Calculate the highest common divisor of 1017 and 700938.
9
Calculate the greatest common divisor of 36 and 26419266.
18
Calculate the